n) = 4*n**3 - 5*n**2 - n - 4. Let j(w) = 9*w**3 - 11*w**2 - w - 9. Let t(h) = 3*j(h) - 7*k(h). Determine t(3).
4
Let x be 4/((-1 + 0)*1). Suppose -2*t - t + 5*q = 1, -5*t = -2*q - 11. Let o(j) = 2 + t - 4*j + 5*j. Give o(x).
1
Let f be (-1*(-4 + 1))/(-1). Let q be (-1)/(f - (-10)/4). Let b(r) = -2*r**3 + r**2 + r + 2. What is b(q)?
-8
Let h(t) be the first derivative of -t**4/4 - t**2/2 + 3*t - 6. Give h(0).
3
Let f(x) = -3 + 0 + 8*x - x**2 - 4*x. Suppose 2 + 0 = h. Calculate f(h).
1
Let k(v) = 0*v + v + 0*v + 6. Let u(n) = -n**3 - 7*n**2 + 9*n + 11. Let q be u(-8). Suppose q*g - 5*g + 8 = 2*f, 3*g = 3*f + 12. What is k(f)?
6
Suppose -3*v + 4*u = -2*v - 21, 3*u = -12. Let m(h) = 2 - 2*h + 4 + 3*h**2 - v. Let z(c) = -c**2 - 7*c - 5. Let a be z(-6). Give m(a).
2
Let k(w) = 2*w**2 - 2*w + 13. Let n(q) = -3*q**2 + q - 14. Let u(x) = 4*k(x) + 3*n(x). Let v = -5 + -2. Determine u(v).
-4
Let x = -34 + 37. Let v(w) = 2*w**3 - 4*w**2 - 2*w + 2. Determine v(x).
14
Let f(v) = -4*v. Suppose 0*x - 4*x = -16. What is f(x)?
-16
Let h(q) = q**2 + 11*q + 7. Let v(n) = -20 - 32*n + 6*n**2 - 16*n**2 + 7*n**2. Let l(s) = 11*h(s) + 4*v(s). Calculate l(-5).
7
Let u be 962/240 - ((8 - -5) + -9). Let k(j) be the third derivative of 0*j + 0 + 1/15*j**5 + 0*j**4 - 2/3*j**3 + 3*j**2 + u*j**6. Calculate k(-3).
5
Suppose 4*v - 3*a = -7*a + 4, 0 = -v + 3*a + 17. Let c(n) be the second derivative of n**2 - 2/3*n**3 + 0 + 1/12*n**4 - 2*n. What is c(v)?
7
Let t(s) = -3*s. Let r(a) = 6*a. Let f(b) = 3*r(b) + 5*t(b). Suppose -4*l - 12 + 4 = 0. Calculate f(l).
-6
Let w(q) = -2*q + 2. Let k(f) = -f**2 - 7*f + 6. Let u be k(-8). Let a(y) = -y. Let p(j) = u*w(j) + 2*a(j). Determine p(3).
2
Suppose 4*j + j = 0. Suppose 2*o + o - 12 = j. Suppose -o*c + 3*c = -5. Let p(a) = a**2 - 4*a - 6. Calculate p(c).
-1
Let q = -10 - -14. Let u(s) = 6*s - 5*s**2 + 3*s**2 - 3 + s**2. Calculate u(q).
5
Let r(w) be the third derivative of 0*w + 0 + 3*w**2 + 0*w**3 - 1/24*w**4. Determine r(6).
-6
Let m(q) = 6*q**2 - 6*q**2 - q**2 + 4*q. Calculate m(5).
-5
Let j(x) = -6*x**2 + 5*x + 3. Let z(w) = w**2 - 1. Let p(g) = -j(g) - 5*z(g). Give p(4).
-2
Let n(u) = -45 + 45 - u**2. What is n(-2)?
-4
Let t(q) = 714 - q**2 - 10*q - 358 - 352. Calculate t(-9).
13
Let m(s) = s**2 - 3*s + 1. Let x be (-265)/20 + (-2)/(-8). Let i = 7 + x. Let y be (3/i)/((-1)/6). Give m(y).
1
Suppose -2*c = q - 8, 0*q - q = -c + 4. Suppose c*k = 9*k. Let d(b) = -b**3 + b**2 - b - 3. Calculate d(k).
-3
Let j be (-24)/36 + (-2)/(-3). Let s = j + 2. Let k(p) = 0*p - 2*p + p - 2*p**2 + 2. What is k(s)?
-8
Let k(n) = n**2 + 4*n - 12. Let f be k(-5). Let i(x) = -x**2 - 7*x + 6. Determine i(f).
6
Let n(c) = c**2 + 7*c. Let g be n(-7). Suppose -2*k + g*k = 8. Let o(l) = -3*l - 5. What is o(k)?
7
Let v(g) = 3*g + 5. Let j(w) = -2*w**2 - 1. Let m be j(2). Let q = 4 + m. Give v(q).
-10
Let b(i) = -i**2 + 9*i - 9. Let s(k) = -k**2 + 8*k - 8. Let x(v) = -5*b(v) + 6*s(v). What is x(4)?
-7
Let f(y) = -y**2 - 2*y - 2. Let x(t) = -3 + 9*t + 184*t**2 - 185*t**2 - 8. Let k be x(8). Give f(k).
-5
Let a(s) = s - 4 + 2 + 1. What is a(-3)?
-4
Let f(j) = 4*j**3 - j**2 + 11*j - 6. Let i(a) = -2*a**3 + a**2 - 5*a + 3. Let q(g) = 2*f(g) + 5*i(g). Calculate q(2).
-7
Let x be (-1 - -2)*(-1 + 4). Suppose -8 = 2*d - x*q, 5*d + q + 10 + 10 = 0. Let h(p) = 2*p + 4 - 6*p + 5*p. Determine h(d).
0
Let h(z) = -3*z**2 + 4*z - 6. Let v(r) = 10*r**2 - 12*r + 19. Let g(o) = -7*h(o) - 2*v(o). Suppose 0 = -0*y + 4*y. Let m = y + 4. What is g(m)?
4
Let h(k) = -11*k**2 + k. Let o be (-129)/(-2) + (-2)/4. Let u be o/(-6) + 14/21. Let q be u/(-6) + 8/(-12). Give h(q).
-10
Let i(k) = -2*k + k**3 - 1 + 64*k**2 + 71*k**2 - 130*k**2. Calculate i(-4).
23
Let l(h) = -h + 3. Let i = 13 + -19. Calculate l(i).
9
Suppose 0*n + 3*n = 33. Let g(c) = 29*c - c**2 - 2*c - n*c - 5 - 11*c. What is g(6)?
-11
Let z = -5 + 5. Suppose -a - 5*j + 15 = z, 5*a - a = -3*j + 9. Let u(m) = -m**2 + m - 4. Calculate u(a).
-4
Let a(t) = 2*t + 1. Suppose -55 = 2*c - 7*c. Suppose 15 = 5*d - 0*p + 5*p, c = 3*d + 5*p. Suppose -7*h + d*h = 5. Determine a(h).
-1
Let i(d) = -3 - 47*d + 44*d - d**3 + 0*d**3 + 5*d**2. Suppose -f + 5*r - 1 = 0, -r - r = 3*f - 14. Suppose -f*u + 6 = -2*u. What is i(u)?
6
Let i(f) = 4*f - 3. Let k(a) be the third derivative of 17*a**4/24 - 13*a**3/6 - 7*a**2. Let o(v) = 9*i(v) - 2*k(v). Give o(-2).
-5
Let n be (-3)/(-2)*20/6. Let p be ((-3)/3)/(1/(-3)). Let r(g) = -p + g**3 - 4*g**2 - 3*g - 3*g + g. Determine r(n).
-3
Let s(x) be the third derivative of x**4/12 - x**3/3 - 19*x**2. What is s(-3)?
-8
Let v be (30/9)/5*3. Let z be (-6 - v - -3)*1. Let h(g) = g**2 + 2*g - 6. What is h(z)?
9
Let f(q) be the first derivative of -2*q**2 + 9*q + 1. Let x(n) = -7*n + 17. Let t(z) = 11*f(z) - 6*x(z). Calculate t(-2).
1
Let y(d) = -5*d**3 - d**2 - d. Let p be y(-1). Let i = 4 + -2. Let a(k) = 3 + k + 8 - i*k. Determine a(p).
6
Let k(c) be the third derivative of c**4/12 - c**3/2 + 5*c**2. What is k(3)?
3
Let b = -38 + 35. Let q(k) = -k**3 - 3*k**2 - 2*k - 2. Give q(b).
4
Let d(a) = -6*a**2 + 3 + 4 + 3*a - a**3 + 0*a - 1. What is d(-6)?
-12
Let i(s) = -2*s - s**3 + 4*s**2 + s + 5 + 0*s**2. Let v = 1 - 1. Suppose v = 4*n + 1 - 17. Determine i(n).
1
Let c = 10 + -5. Suppose -10 = 5*x + c. Let s(h) be the second derivative of -h**3/6 + h**2 + 7*h. What is s(x)?
5
Suppose -9 = -5*j + 1. Let v(m) = 0*m**2 - 2*m + 3*m**2 - 2 + 3*m - j*m**2. Calculate v(2).
4
Suppose 0 = -2*n - 8, -r - 12 = 5*n + 8. Let s(k) = 5*k + 3 - 4 + r*k. Determine s(-1).
-6
Suppose 3*a = -w, 3*w - 3*a = 5*w. Let o(s) = 3*s - 3 + w - 4*s. Suppose -3*d - d = 0. What is o(d)?
-3
Let t(h) = 7*h**2 + 5*h + 7. Let x(y) = 10*y**2 + 8*y + 10. Let s(v) = 7*t(v) - 5*x(v). Calculate s(-6).
-7
Suppose -2*u - 3*c + 4 = -3*u, -60 = 4*u - c. Let t be 4*(-4)/u - 5. Let h(k) = -k + 3. Give h(t).
7
Suppose 5*n = -f + 24, 0*f = -2*n + 4*f - 8. Suppose -t = n*h - 23, t - 4 = -h - t. Let c = 3 - h. Let j(w) = w**3 + 3*w**2 - w - 1. Give j(c).
2
Let z(t) = 2*t + 4. Let i(u) = 60*u**2. Let r be i(1). Suppose -4*m = -5*x + r, 3*x + 2*m = 11 + 25. Suppose -4*p - x - 4 = 0. What is z(p)?
-4
Suppose -2*n - 120 = -5*q, 3*n = -0*n. Let j be q/(-14) - (-2)/(-7). Let u(x) = -2*x**2 - 1. Determine u(j).
-9
Let c(r) = -r**2 + 4*r + 5. Let q be c(4). Let g(j) = j - q + 4*j - 4*j. What is g(6)?
1
Let f = -24 - -25. Let q(y) = y**3 - 2*y**2 + y. Let p be q(f). Let l(n) = n**3 - n**2 - n - 14. Give l(p).
-14
Suppose -5*w = -3*a - 40, -a + w = 2*w. Let x(v) be the third derivative of 0*v - 1/2*v**3 + 1/60*v**5 + 1/4*v**4 + 0 - 2*v**2. Calculate x(a).
-8
Let b(c) = c. Let r(o) = -o**3 + 5*o**2 + 6*o - 1. Let u be r(6). Let d be 5*u/(15/(-18)). What is b(d)?
6
Let r(y) = -24 + 47 + y - 20. Give r(3).
6
Let c(d) = -3*d + 9. Let q be 108/16 - 1/(-4). Calculate c(q).
-12
Let m(i) = -i + 1. Let l = 138 - 133. What is m(l)?
-4
Let c(f) = f**3 + 4*f**2 + 2*f - 2. Suppose 5*r - 2*k + 20 + 2 = 0, 3 = 3*k. What is c(r)?
-10
Let f(v) = 7*v - 8. Let b = 8 + -6. Let z(p) = 6*p - 1. Let w(k) = k + 1. Let d(g) = -3*w(g) + z(g). Let c(l) = b*f(l) - 5*d(l). What is c(4)?
0
Let z(w) = -w**2 - 2*w - 7. Let a be z(0). Let o(l) = l**2 + 7*l + 8. What is o(a)?
8
Suppose 0 = 2*o - 4*o - 2. Let h be -1 - (-2 - (o - -2)). Let d(p) = -2*p**2 + p + 6. Let r(g) = g**2 - 3. Let x(n) = 2*d(n) + 5*r(n). Give x(h).
5
Let s = -17 - -15. Let a(h) = 3*h**2 - 2*h - 3. Calculate a(s).
13
Let q(h) = -6*h**3 - h**2. Let k be q(-1). Let o(g) be the second derivative of g**3/6 - 3*g**2/2 - 5*g. Calculate o(k).
2
Let g be (-3)/(-9) + (-19)/(-6)*-2. Let j(p) = p**2 + 7*p - 4. Determine j(g).
-10
Let n(y) = -2*y**2 + 5*y - 3. Let u(a) = 5*a**2 - 11*a + 6. Let p(o) = -7*n(o) - 3*u(o). What is p(-3)?
0
Let a(y) = -y + 5. Let u = -4 - -14. Let i = -5 + u. Determine a(i).
0
Suppose -8*u = -3*u + 10. Let t(z) = -7*z + 2. Calculate t(u).
16
Let y(j) = j - 1. Let r(a) = a**2 - a + 9. Let s(u) = -r(u) - 6*y(u). Calculate s(-5).
-3
Let z(d) = 7*d**2 + 6*d + 3. Let j(w) = -8*w**2 - 6*w - 4. Let c(k) = -6*j(k) - 7*z(k). Suppose 1 = -q + 4, -23 = 4*i - q. Calculate c(i).
8
Let t be 14/(-21)*(-1 - 5). Suppose -t*p = -p. Let c(j) = -2*j**3 - 2*j**2 - 6. Let x(a) = a**3 + a**2 + 1. Let u(d) = c(d) + x(d). Determine u(p).